ve h(2).
6
Let u(f) be the third derivative of -f**4/24 - 3*f**3/2 + 2*f**2. Let y be u(-5). Let t = -2 - y. Let v(g) = g**2 + g - 1. Calculate v(t).
5
Let l(g) = -g - 3. Let j be (30/(-20))/((-3)/14). Suppose 0 = -j*o - o - 72. What is l(o)?
6
Let u(i) be the third derivative of -1/24*i**4 + 0 + 0*i + 7/6*i**3 + 13*i**2. Let p be (8/10)/(6/45). What is u(p)?
1
Let v(c) = -c + 4. Let h(b) = 3 + 3*b - 3 + 13 + 0*b. Let j be h(-4). Suppose -j + 6 = m. Calculate v(m).
-1
Let m = -70 + 157. Let k(g) = -82*g - g**2 - 3 - 2 + m*g. Calculate k(4).
-1
Suppose 0 + 4 = 4*q. Let t(k) = -5. Let g(c) = -c + 3. Let h(m) = 3*g(m) + 2*t(m). Calculate h(q).
-4
Let r(a) = a**3 - 4*a**2 + 4*a - 2. Let i(b) = 4*b**2 + b - 7. Let x(z) = 11*z**2 + 4*z - 21. Let f(v) = 8*i(v) - 3*x(v). Let q be f(-5). Calculate r(q).
-2
Suppose -4*q = -9 - 3. Let x(u) = -2*u**3 + 3*u**2 + 5*u - 2. What is x(q)?
-14
Let f(p) = 2*p + 40 - 15 - 29 - p**2. Calculate f(3).
-7
Suppose r - 4*l = -22, -8*l = -2*r - 6*l - 14. Let z(p) = p**3 + p**2 + 3*p + 2. Calculate z(r).
-8
Suppose 0 = 2*w - 55 + 49. Let k(u) = -1. Let j(z) = -2*z**3 - 3*z**2 - z - 5. Let v(n) = w*k(n) - j(n). Give v(-2).
-4
Let r(h) be the third derivative of -h**6/120 + h**5/60 + h**3/3 + 60*h**2. Calculate r(3).
-16
Let c(t) = -11*t + 18. Let p(a) = -13*a + 20. Let x(g) = 6*c(g) - 5*p(g). Give x(8).
0
Let s(k) = k**3 + 4*k**2 - 5*k + 120. Let l be s(-7). Let a(q) = q**2 - 3*q - 2. Give a(l).
38
Let v(i) = -i + 2432 - 1218 - 1206. Determine v(4).
4
Let z(q) = q - 1. Let w be z(4). Let b(v) = 3*v + 3*v**w - 4*v**3 - 2*v + 6*v**2 + 1. Let a = -99 - -105. What is b(a)?
7
Let c(z) = z + 3. Let a(g) = -g**2 + 21*g - 6. Let j be (-12)/10*140/(-8). Let i be a(j). Give c(i).
-3
Let v(m) = -3*m**2 + 21*m - 26. Let n(f) be the second derivative of f**4/12 - 7*f**3/6 + 9*f**2/2 - 6*f. Let g(b) = -17*n(b) - 6*v(b). What is g(6)?
-3
Let w = 584 - 571. Let v(o) = -o**3 + 14*o**2 - 13*o - 17. Give v(w).
-17
Let m = 136 + -88. Let c be (-3)/(-4) + 3/(m/(-140)). Let w(h) = h**2 + 8*h + 6. What is w(c)?
6
Suppose 2*j = -0*j + 2, 5*x + 5*j - 15 = 0. Suppose a = x*a + 2. Let m(g) = -5*g**2 - 3*g - 2. Give m(a).
-16
Let u(o) be the third derivative of o**4/12 + o**3/6 + 382*o**2. Determine u(2).
5
Let t(j) = -j**2 + 5*j - 2. Let w(k) = k**2 - 4*k + 3. Let q(c) = 2*t(c) + 3*w(c). What is q(3)?
8
Let u(j) = 2*j**3 + 9*j**2 - 6*j - 10. Let f(y) = -y**3 - 4*y**2 + 2*y + 6. Let a(x) = 5*f(x) + 3*u(x). What is a(-8)?
0
Let b(r) = 19*r + 4. Let h(i) = -22*i - 6. Let j(c) = 4*b(c) + 3*h(c). Calculate j(1).
8
Let i(y) be the third derivative of y**4/6 + 2*y**3/3 + y**2 - 50. Give i(3).
16
Let y(q) = 4*q - 1. Let f be y(-1). Let g(z) = -6*z - 9. Let r(d) = 9*d + 13. Let h be 3/(-2)*20/(-6). Let m(w) = h*r(w) + 8*g(w). Calculate m(f).
8
Let s(d) = -7*d**2 + 13*d - 4. Let b(l) = 12*l**2 - 25*l + 8. Suppose -3*x = -5*y - 20, -5*x + 4*x + 10 = -5*y. Let g(h) = x*s(h) + 3*b(h). What is g(10)?
4
Let j(n) be the second derivative of -n**5/20 + n**4/2 + n**3/2 - 7*n**2 - 18*n - 5. Give j(6).
4
Let p(o) = -12*o + 3 + 311*o**3 - 10*o**2 - 312*o**3 + 2 + 4*o. Determine p(-9).
-4
Let m(a) = a**2 + a - 7. Let v(n) = -n**3 - 9*n**2 - 3*n - 12. Let x be v(-9). Suppose x = 2*u + u. Suppose -4*o = u*z, -z = -3*o + z. Determine m(o).
-7
Let g(l) be the second derivative of -l**2 + 1/12*l**4 + 7/6*l**3 - 2*l + 0. Give g(-5).
-12
Let u(y) be the third derivative of -y**5/60 + y**4/12 + y**3/6 - 15*y**2. Let p = -228 - -234. What is u(p)?
-23
Let l(w) be the third derivative of 3*w**4/8 + w**3/3 - 4*w**2 + 16. Give l(-2).
-16
Suppose -3 = h - 4*h. Let c be (7 - (3 + -2 - -2))*h. Let a(s) = -s**3 + 4*s**2 - 3*s + 4. Calculate a(c).
-8
Let t(x) = -3*x**3 - 11*x**2 + 9*x - 7. Let j(p) = 2*p**3 + 5*p**2 - 4*p + 3. Let l(q) = 5*j(q) + 3*t(q). Let g be (4 + -3 - 4) + 10. Determine l(g).
-6
Let f = 0 + -4. Let o(k) = k**2 - k - 29. Let g(l) = -2*l**2 + 8*l + 92. Let i(d) = -g(d) - 3*o(d). Determine i(f).
-1
Let b be ((-2)/4)/((-4)/40). Suppose 4*n + 3*m = 11, 0 = -b*m + 5. Let o(z) = -n*z**3 + z**3 + 4*z**2 - 3*z + 3 + z - 3*z. Give o(3).
-3
Let c(s) be the second derivative of s**4/3 + s**3/2 - 2*s**2 + 4*s + 2. Determine c(-3).
23
Let b(o) be the first derivative of o**2/2 + 9*o - 254. What is b(-14)?
-5
Let l(m) be the second derivative of -m**5/20 + m**4/6 + m**3/6 - m**2/2 + 11*m + 10. Determine l(-2).
13
Let l(i) = 9*i - 5. Let q(n) = -5*n + 3. Let v(o) = 4*l(o) + 7*q(o). Suppose b - 4*r - 9 = 0, 2*b + 2*r - 14 = 6*r. Let k be b*(3 + 19/(-5)). Calculate v(k).
-3
Let q(n) be the second derivative of 0 - 20*n + 1/3*n**3 - n**2. What is q(2)?
2
Let j(n) be the first derivative of n**5/10 + n**4/24 - n**3/6 - 2*n**2 - 6. Let m(r) be the second derivative of j(r). What is m(1)?
6
Suppose 4*q + p = 17, -3*q - q + 18 = 2*p. Suppose 5*k - q - 1 = 0. Let b(f) = -17*f - 1. Let l(i) = 39*i + 3. Let y(x) = -5*b(x) - 2*l(x). Determine y(k).
6
Let x(m) = 2*m**3 + 16*m**2 + 51. Let p(v) = v**3 + 9*v**2 + 26. Let g(u) = 7*p(u) - 4*x(u). What is g(0)?
-22
Let i = -71 - -67. Suppose 5*x = -5*r + 15, 1 = -r + 4*r - 5*x. Let o(q) = 5*q + 2*q**3 - q**2 - 2 - q**r - 3*q**3. Determine o(i).
10
Let d be (8/(-24))/((-1)/15). Let g(j) = -5 - 4*j + 1 - j**2 + 2*j**2. Determine g(d).
1
Let x(w) = -3*w - 10 + 2*w - 2*w**2 - w**2 + 3*w**2 + w**2. What is x(3)?
-4
Suppose 0 = -3*m + 5*k - 6, -3*m + 2*m = k - 6. Let t(i) = -i**3 + i**2 + i. Let o(v) = -v**3 + 2*v**2 + 1. Let z(s) = m*t(s) - 2*o(s). Calculate z(-3).
7
Let c(q) = 4*q**2 - q + 3. Let t(l) = -4*l + 51*l**2 + 5*l - 3 - 54*l**2. Let n(h) = 4*c(h) + 5*t(h). Give n(3).
9
Let i(g) = -g**2. Let x(t) = -3*t**2. Let f(c) = 14*i(c) - 4*x(c). Let z be f(1). Let d(o) = -7 + 2*o + 4 - 6*o + 2*o**3. What is d(z)?
-11
Let w(t) be the third derivative of 2*t**2 + 0 - 2/3*t**3 + 0*t - 1/6*t**4. Determine w(-4).
12
Let h(q) = -2*q**2 - 22*q. Let j(t) = -3*t**2 - 28*t. Let y(k) = 4*h(k) - 3*j(k). What is y(7)?
21
Let m(z) = 27*z + 4. Let q(k) = -105*k - 15. Let g(v) = -15*m(v) - 4*q(v). Determine g(-1).
-15
Let u(i) = -10*i**2 - 5. Let q(h) = 21*h**2 + 11. Suppose 2*t = -a + 7, a + 5*t = 2*a - 28. Let k(v) = a*u(v) + 6*q(v). Calculate k(-1).
-3
Let b(i) = -3*i - 8. Let v(l) = l + 2. Let k(q) = 6*b(q) + 22*v(q). Let j = 6 - 3. Determine k(j).
8
Let t(j) be the second derivative of -j**6/120 + j**5/60 + j**4/24 + 5*j**2/2 + 16*j. Let g(r) be the first derivative of t(r). Determine g(-1).
1
Let p(n) = n**2 + 4*n - 1. Let b be p(-4). Let x(j) = 20*j - 1. Let l(c) = -936*c + 48. Let u(q) = -l(q) - 48*x(q). Calculate u(b).
24
Let y(u) = -u**2 - 7*u. Let a be y(0). Let d be (-1)/5 + 11/5. Let f(j) = 4*j - 4*j - 1 + j**d. Calculate f(a).
-1
Let f(c) = -115*c**3 + 235*c**3 + 4*c**2 + 6*c - 121*c**3 - 4. Give f(4).
20
Let o(v) = -6*v - 35. Let p(z) = -3*z - 2 + 5*z + 7 + 7. Let k(s) = -3*o(s) - 8*p(s). Suppose -3*f - f = 24. Give k(f).
-3
Let i(w) = 2*w + 7. Let u = -5 + 9. Suppose 2 = 4*c - 3*o - 5, 4*c = u*o + 4. Let h = c - 10. Calculate i(h).
-5
Let y(l) be the third derivative of -l**4/24 - 7*l**3/6 - 274*l**2. Calculate y(6).
-13
Let p(y) be the second derivative of y**4/6 - y**3/3 + 10*y**2 + 6*y. Let f(t) be the first derivative of p(t). Give f(-3).
-14
Let z be (-2 + -4 - -4)*(0 - 1). Let c = 4 - z. Let y(w) = -4*w + 2*w + 0*w**2 + 3*w**2. What is y(c)?
8
Suppose 9*w - 3*w = 0. Let c = w - 5. Let u(h) = h**3 + 4*h**2 - 5*h - 7. Determine u(c).
-7
Let r(k) = 5*k**3 - 22*k**2 + 23*k + 13. Let s(t) = 6*t**3 - 23*t**2 + 25*t + 18. Let d(w) = 5*r(w) - 4*s(w). Give d(17).
-41
Let t = -458 + 462. Let l(a) = -a**2 - a + 2. Give l(t).
-18
Let x = 633 - 624. Let y(m) be the first derivative of -m**2/2 + 6*m - 1. Give y(x).
-3
Let m(q) = q**2 + 7*q + 8. Let a(o) = o**3 - 2*o**2 + 3*o - 1. Let j be a(2). Let i = -11 + j. Give m(i).
2
Let s(j) = -j**3 - 3*j**2 - 5*j + 3. Suppose 0 = -17*l + 27 - 95. Determine s(l).
39
Let k(l) = -2*l + 8. Let p be k(2). Let f(h) = -h**2 + 3*h + 2. What is f(p)?
-2
Let g = 417 + -411. Let f(d) = 13*d - 17. Let v(u) = 6*u - 8. Let t(j) = 4*f(j) - 9*v(j). Give t(g).
-8
Let a(m) = m**2 - 2*m - 18. Let f be a(-3). Let z(u) = -3*u + 1. Let k(h) = -7*h + 3. Let p(o) = -6*k(o) + 15*z(o). Give p(f).
6
Let f(n) = -9*n + 3*n + 8*n + 2 + 2*n. C